31.
17, 43
What are the prime factors of 10386?
2, 3, 577
List the prime factors of 2323.
23, 101
What are the prime factors of 5323?
5323
List the prime factors of 4942.
2, 7, 353
List the prime factors of 994.
2, 7, 71
What are the prime factors of 58452?
2, 3, 4871
List the prime factors of 195.
3, 5, 13
What are the prime factors of 3218?
2, 1609
What are the prime factors of 84892?
2, 19, 1117
What are the prime factors of 1669?
1669
What are the prime factors of 4?
2
What are the prime factors of 1091?
1091
What are the prime factors of 2095?
5, 419
List the prime factors of 7025.
5, 281
What are the prime factors of 766?
2, 383
What are the prime factors of 56231?
7, 29, 277
List the prime factors of 71264.
2, 17, 131
List the prime factors of 17051.
17, 59
What are the prime factors of 1661?
11, 151
What are the prime factors of 150375?
3, 5, 401
List the prime factors of 20848.
2, 1303
List the prime factors of 65595.
3, 5, 4373
What are the prime factors of 20915?
5, 47, 89
What are the prime factors of 6727?
7, 31
What are the prime factors of 3991?
13, 307
List the prime factors of 505.
5, 101
List the prime factors of 19851.
3, 13, 509
What are the prime factors of 458?
2, 229
List the prime factors of 314.
2, 157
What are the prime factors of 30063?
3, 11, 911
List the prime factors of 3880.
2, 5, 97
List the prime factors of 54235.
5, 10847
What are the prime factors of 527?
17, 31
What are the prime factors of 80?
2, 5
List the prime factors of 26223.
3, 8741
List the prime factors of 21348.
2, 3, 593
What are the prime factors of 55698?
2, 3, 9283
List the prime factors of 24301.
19, 1279
What are the prime factors of 82629?
3, 9181
List the prime factors of 29886.
2, 3, 17, 293
List the prime factors of 2340.
2, 3, 5, 13
What are the prime factors of 7841?
7841
List the prime factors of 29203.
19, 29, 53
What are the prime factors of 25166?
2, 12583
What are the prime factors of 4206?
2, 3, 701
List the prime factors of 1007.
19, 53
List the prime factors of 2035.
5, 11, 37
List the prime factors of 2008.
2, 251
List the prime factors of 78922.
2, 39461
What are the prime factors of 47100?
2, 3, 5, 157
What are the prime factors of 45860?
2, 5, 2293
List the prime factors of 50135.
5, 37, 271
What are the prime factors of 194?
2, 97
What are the prime factors of 2476?
2, 619
List the prime factors of 16999.
89, 191
What are the prime factors of 16356?
2, 3, 29, 47
What are the prime factors of 6136?
2, 13, 59
What are the prime factors of 1653?
3, 19, 29
List the prime factors of 927.
3, 103
What are the prime factors of 167218?
2, 83609
What are the prime factors of 20720?
2, 5, 7, 37
List the prime factors of 2149.
7, 307
List the prime factors of 13791.
3, 4597
What are the prime factors of 626?
2, 313
What are the prime factors of 1154?
2, 577
List the prime factors of 4598.
2, 11, 19
List the prime factors of 2650.
2, 5, 53
List the prime factors of 1285.
5, 257
List the prime factors of 579.
3, 193
What are the prime factors of 39057?
3, 47, 277
List the prime factors of 2054.
2, 13, 79
List the prime factors of 1161.
3, 43
List the prime factors of 4206.
2, 3, 701
What are the prime factors of 4221?
3, 7, 67
List the prime factors of 971.
971
List the prime factors of 2131.
2131
List the prime factors of 3890.
2, 5, 389
List the prime factors of 1221.
3, 11, 37
What are the prime factors of 9528?
2, 3, 397
List the prime factors of 17845.
5, 43, 83
What are the prime factors of 3228?
2, 3, 269
What are the prime factors of 625?
5
What are the prime factors of 10?
2, 5
List the prime factors of 437.
19, 23
What are the prime factors of 14912?
2, 233
What are the prime factors of 886?
2, 443
What are the prime factors of 21964?
2, 17, 19
What are the prime factors of 9375?
3, 5
List the prime factors of 1164.
2, 3, 97
What are the prime factors of 1013?
1013
List the prime factors of 1879.
1879
What are the prime factors of 988?
2, 13, 19
What are the prime factors of 7893?
3, 877
List the prime factors of 35239.
131, 269
What are the prime factors of 3162?
2, 3, 17, 31
List the prime factors of 809.
809
What are the prime factors of 26486?
2, 17, 19, 41
List the prime factors of 151925.
5, 59, 103
What are the prime factors of 103117?
7, 14731
What are the prime factors of 7726?
2, 3863
What are the prime factors of 52030?
2, 5, 11, 43
List the prime factors of 31618.
2, 15809
List the prime factors of 10527.
3, 11, 29
What are the prime factors of 2330?
2, 5, 233
List the prime factors of 30586.
2, 41, 373
List the prime factors of 4681.
31, 151
List the prime factors of 1585.
5, 317
What are the prime factors of 4445?
5, 7, 127
List the prime factors of 2041.
13, 157
List the prime factors of 41047.
41047
List the prime factors of 2631.
3, 877
What are the prime factors of 416?
2, 13
List the prime factors of 43935.
3, 5, 29, 101
List the prime factors of 1396.
2, 349
List the prime factors of 29996.
2, 7499
List the prime factors of 705.
3, 5, 47
List the prime factors of 7043.
7043
List the prime factors of 56001.
3, 11, 1697
What are the prime factors of 1856?
2, 29
List the prime factors of 1866.
2, 3, 311
List the prime factors of 13602.
2, 3, 2267
What are the prime factors of 233?
233
List the prime factors of 1101.
3, 367
List the prime factors of 47958.
2, 3, 7993
List the prime factors of 110445.
3, 5, 37, 199
What are the prime factors of 152?
2, 19
What are the prime factors of 6520?
2, 5, 163
What are the prime factors of 1234?
2, 617
What are the prime factors of 36703?
17, 127
List the prime factors of 523.
523
What are the prime factors of 104062?
2, 7, 7433
What are the prime factors of 14007?
3, 7, 23, 29
What are the prime factors of 22682?
2, 11, 1031
List the prime factors of 3594.
2, 3, 599
What are the prime factors of 369?
3, 41
List the prime factors of 21423.
3, 37, 193
List the prime factors of 1051.
1051
What are the prime factors of 1333?
31, 43
What are the prime factors of 3069?
3, 11, 31
What are the prime factors of 24109?
24109
What are the prime factors of 111004?
2, 27751
List the prime factors of 14606.
2, 67, 109
What are the prime factors of 85387?
103, 829
What are the prime factors of 7113?
3, 2371
List the prime factors of 10880.
2, 5, 17
What are the prime factors of 70116?
2, 3, 5843
List the prime factors of 948.
2, 3, 79
List the prime factors of 1873.
1873
What are the prime factors of 639?
3, 71
List the prime factors of 13911.
3, 4637
What are the prime factors of 12427?
17, 43
What are the prime factors of 996?
2, 3, 83
List the prime factors of 1749.
3, 11, 53
What are the prime factors of 6012?
2, 3, 167
List the prime factors of 1243.
11, 113
What are the prime factors of 14771?
14771
List the prime factors of 6644.
2, 11, 151
What are the prime factors of 31983?
3, 7, 1523
List the prime factors of 42353.
41, 1033
List the prime factors of 416.
2, 13
What are the prime factors of 9656?
2, 17, 71
What are the prime factors of 934?
2, 467
What are the prime factors of 7949?
7949
What are the prime factors of 106080?
2, 3, 5, 13, 17
List the prime factors of 752.
2, 47
List the prime factors of 3741.
3, 29, 43
What are the prime factors of 10932?
2, 3, 911
List the prime factors of 54893.
17, 3229
List the prime factors of 9214.
2, 17, 271
What are the prime factors of 4250?
2, 5, 17
List the prime factors of 1578.
2, 3, 263
What are the prime factors of 18187?
13, 1399
What are the prime factors of 2297?
2297
What are the prime factors of 61673?
61673
List the prime factors of 2669.
17, 157
What are the prime factors of 2605?
5, 521
What are the prime factors of 4333?
7, 619
List the prime factors of 4744.
2, 593
What are the prime factors of 5972?
2, 1493
List the prime factors of 18994.
2, 9497
What are the prime factors of 11004?
2, 3, 7, 131
List the prime factors of 245.
5, 7
List the prime factors of 10012.
2, 2503
What are the prime factors of 62262?
2, 3, 1153
What are the prime factors of 24323?
13, 1871
What are the prime factors of 176075?
5, 7043
What are the prime factors of 32398?
2, 97, 167
What are the prime factors of 12190?
2, 5, 23, 53
What are the prime factors of 6552?
2, 3, 7, 13
What are the prime factors of 788?
2, 197
List the prime fact